*2 - 21*l + 57. Let z be q(-24). What is the hundreds digit of 167 + (z/5 - -3)?
1
Let q(a) = -3*a**2 - 5*a - 21. Let x(j) = -2*j**2 - 6*j - 20. Let f(b) = 3*q(b) - 4*x(b). Let o be f(8). What is the units digit of 10/2*o*(-2 + 3)?
5
Suppose -596*k = -525*k - 2107067. What is the hundreds digit of k?
6
Let c(n) = 1338*n**2 + 216*n + 9. What is the hundreds digit of c(-4)?
5
Let k(n) = 270*n - 72. Let c be k(12). Let z = c - 2177. What is the hundreds digit of z?
9
Let c(g) = -4*g**3 - 9*g**2 + 16*g - 15. Let h(b) = -6*b**3 - 19*b**2 + 31*b - 31. Let x(y) = -5*c(y) + 3*h(y). What is the hundreds digit of x(8)?
3
Let p be (-192)/224 - (-24092)/14. Let m = p + -635. What is the tens digit of m?
8
Let v(x) = 23*x**2 + 5*x - 44. Let f(h) = -h**2 + 6*h + 11. Let n be f(7). What is the units digit of v(n)?
4
Let i(x) = -x**3 - 16*x**2 - 21*x - 3. Let y(v) = -v**3 - 16*v**2 - 21*v - 3. Let t(p) = 3*i(p) - 4*y(p). What is the hundreds digit of t(-14)?
1
Let d(j) = -5*j**2 + 2*j + 435. Suppose 2*k - 5*k = 0. What is the units digit of d(k)?
5
Suppose -3*a = 4*r + 3025, -7*a + 4*r = -2*a + 5063. Let d = -602 - a. What is the tens digit of d?
0
Let o = 14 - 12. Suppose 3*z - z + 5*l = 20, -8 = 3*z - o*l. Suppose -j = -h + 37, 6*j - 3*j - 3 = z. What is the units digit of h?
8
Let d(s) = s**2 - 33. Let v be d(-7). Let i(r) = -23 - 33 - v*r + 0*r + 32. What is the hundreds digit of i(-10)?
1
Let i be 10/3 - 1/3. Suppose 0 = -2*y + 6, -5*y + 2 + 9 = -4*h. Suppose 5*j = -20, u + 4*j + h = i. What is the units digit of u?
8
Let c(h) = -h**3 + 14*h**2 + 12*h + 44. Let p be c(15). What is the units digit of 4/(-6) - (p + (-995)/3)?
2
What is the units digit of ((-3)/(-9))/(4/(-24)) - 3895*-15?
3
Suppose x = -2, -2967 = -4*g + x + 2951. Suppose 0 = 6*v - 87 - g. What is the hundreds digit of v?
2
Suppose 3*y = 5*y - 5*u - 25, 0 = -2*u - 6. Suppose 2 = -3*f + p, -y*f - 5*p = -p - 25. What is the units digit of 549/54 - f/6?
0
Let n be (-266)/8 - ((-27)/12 - -2). Let m be 16/88 + 6/n. Let t(j) = 6*j + 94. What is the units digit of t(m)?
4
Let x = -2 + -19. What is the tens digit of (-7 - 13)*(x/12 + 1)?
1
Let g = 25102 - 5616. What is the thousands digit of g?
9
Let a(o) = 617*o**2 + 151*o + 594. What is the thousands digit of a(-4)?
9
Suppose -7*s + 76240 = -32820. What is the units digit of s?
0
Let x be 216/32 - (-4)/16. Let p(y) = 34*y - 9*y - x*y - 39 - y**2. What is the tens digit of p(9)?
4
Let a(b) be the second derivative of b**4/3 - 2*b**3/3 - 18*b**2 + 17*b - 2. What is the tens digit of a(9)?
5
Let b = -7749 - -11285. What is the units digit of b?
6
Suppose -497 = -2*r + 1597. Suppose 0 = -5*d - 15, -3*m + 2*d + r = 7*d. What is the units digit of m?
4
Suppose 119 = 5*g - 16. Suppose 0 = -107*c + 235 - 21. Suppose 0 = j - 3*d - 39, -j = d + c*d - g. What is the tens digit of j?
3
Suppose 15*h - 14*h = 4374. Suppose -3*q = -12*q + h. What is the tens digit of q?
8
Let l(h) be the third derivative of 2*h**4 - 157*h**3/6 + 5*h**2 + 6*h. What is the hundreds digit of l(25)?
0
Suppose 24015*r - 24012*r = 24846. What is the tens digit of r?
8
Suppose -4*x - 2*m = -4, 0 = -7*x + 2*x + 3*m - 6. Suppose 0 = -6*g - x - 18. What is the hundreds digit of ((-21)/2)/(g + 205/70)?
1
What is the tens digit of 4/(3 - -2 - -1) + (-97320)/(-9)?
1
Let y(v) be the third derivative of 289*v**4/24 - 33*v**3/2 + 159*v**2. What is the tens digit of y(4)?
5
Let o(k) = 42*k**2 - 214*k + 257. What is the thousands digit of o(19)?
1
Let m = -8 - -25. Suppose 0 = -m*p + 19*p. Suppose -5*j + 3*l + 396 + 223 = p, -3*j - l + 377 = 0. What is the units digit of j?
5
Suppose -3*n + 98 = 458. Let c be 49/(-21) - -3 - (-178)/(-6). Let o = c - n. What is the tens digit of o?
9
Let w = -174 - -156. What is the hundreds digit of 19 + w - -61*3?
1
Suppose 0 = -4*d + 7*d + 24. Let q be d + 5 - 9*-1. Suppose -5*c - 89 = -q*c. What is the tens digit of c?
8
Let g(x) be the third derivative of 3*x**4/8 + 3*x**3 - 8*x**2. Let l be g(-2). What is the units digit of 53 + l + (10 - 12)?
1
Let h be (-146)/12 - (-1)/6. Let c = 4468 - 4472. What is the units digit of 1/c - 555/h*1?
6
Let v(o) = -2*o**3 - 3*o**2 - 2*o - 2. Let z be v(-2). Suppose z*g - 17 = 259. What is the tens digit of g?
4
Suppose 5*q - 9573 = 4*q - 4*z, 9573 = q + z. What is the hundreds digit of q?
5
Let q(j) = j**3 + 9*j**2 - 5*j - 1. Let l(d) = -6*d**3 + 3*d + 2. Let a be l(-1). Let z be a*-4*4*1/10. What is the units digit of q(z)?
3
Suppose 0 = 24*s - 27*s + 4644. Let y = 2847 - s. What is the hundreds digit of y?
2
What is the tens digit of 256649/136 + (-7)/56?
8
Suppose 2*g = 121*p - 125*p + 11046, -5*g + 2757 = p. What is the tens digit of p?
6
Suppose -2*s + o = -90302, 225799 = -15*s + 20*s + 3*o. What is the units digit of s?
5
Let c = -316 - -256. Let m = 205 - c. What is the hundreds digit of m?
2
Suppose -16*m + 4*m = -60. Let h be (-1 + -1)*3/(-2). What is the tens digit of (-53 - m)*(-1 + h)/(-4)?
2
Suppose -3*l - 4*z + 33 = 2*l, 2*l - 5*z = 0. Suppose -863 = -0*n - 3*n - 2*o, l*n = -4*o + 1435. What is the tens digit of n?
9
What is the tens digit of (-79444)/12*-3 - -7?
6
Let y(w) = -17*w + 9 - 16 + 16 - 2. Let j(n) = 2*n + 3. Let g be j(-4). What is the tens digit of y(g)?
9
Let l be (-8)/6*(30/(-4) - 0). Suppose 5 = 3*g - l. Suppose 4*u + g*n = -44 + 367, -5*u + 4*n + 414 = 0. What is the tens digit of u?
8
Suppose -5*g - 5*l + 113785 = 0, 14*l - 24 = 10*l. What is the ten thousands digit of g?
2
Let p(q) = -21*q + 1 - 4 + 16*q + 8. Let w be p(0). Suppose 2*g - 135 = w*t + 87, 0 = -4*g + t + 408. What is the hundreds digit of g?
1
Let i(w) = -104*w**2 - w. Let j be i(-1). Let m = j + 188. What is the tens digit of (m - (1 + 2)) + 4?
8
Let c(j) = 3*j**3 - 5*j**2 + 67*j - 73. What is the units digit of c(16)?
7
Let b(p) = 121*p - 157. Let s(a) = -30*a + 39. Let y(t) = 2*b(t) + 9*s(t). What is the hundreds digit of y(-20)?
5
Let o be (4 - 2)*2758/4. Suppose o + 193 = 6*h. What is the tens digit of h?
6
Suppose -86*x = -104*x + 104832. What is the hundreds digit of x?
8
Let m(i) = i**2 - 7*i + 25. Suppose 4*h - 74 = -314. Let o be (-11)/(22/h)*5/15. What is the units digit of m(o)?
5
Let m(q) = q**3 + 7*q**2 + 4*q - 10. Let v be m(-6). Suppose -23 = -v*r + 13. Suppose -208 = -2*c + r. What is the hundreds digit of c?
1
Let a(y) = 122*y**2 - 4*y + 77. What is the thousands digit of a(13)?
0
Suppose 10*d - d - 198 = 0. Let k(i) = -i**3 + 23*i**2 - 19*i - 17. What is the units digit of k(d)?
9
Let c(t) = -t**3 + 2*t**2 + 12*t + 2134. What is the hundreds digit of c(-31)?
4
Suppose 0 = 5*s + 137 + 253. Let w = -49 - s. Suppose -5*h - 4*u = -123 - w, -5*u + 43 = h. What is the tens digit of h?
2
Let x(k) = -2*k - 24. Let m be x(-13). Let h be 188/m*(-3)/(-6). Let s = h + -24. What is the units digit of s?
3
Let w = 73 - 72. Let j(q) = q**3 - 3*q**2 - 11*q + 6. Let p(z) = 1. Let d(i) = w*j(i) + 4*p(i). What is the units digit of d(7)?
9
Let c = -7415 + 12015. What is the tens digit of c?
0
Suppose 5*u - 7*d - 1756 = -3*d, -1032 = -3*u - 3*d. Suppose 13*h - 16*h - u = 0. Let o = h + 140. What is the tens digit of o?
2
Suppose 908 = 3*a - 5*s, 3*a + s = -3*s + 926. Let h = 160 - 149. Suppose -2*d = -h*d + a. What is the units digit of d?
4
Let g = 30 - 27. Let h be -2*g/(-6)*231. Suppose 5*a - 2*a - h = 0. What is the tens digit of a?
7
Suppose -5*m = -74*x + 77*x - 373466, -373464 = -5*m - 2*x. What is the ten thousands digit of m?
7
Suppose 21695 = 5*q - 12*r + 16*r, 0 = 6*r. What is the hundreds digit of q?
3
Let j be (2/(-3))/(22/(-132)). What is the units digit of 2/j + (-59004)/(-72)?
0
Let h = 301 - -841. Suppose -h = -5*u - 377. What is the hundreds digit of u?
1
Suppose -28 = -11*p + 4*p. Suppose -4*g + 5*j + 252 = j, -p = -j. Suppose -g*s + 62*s + 1070 = 0. What is the units digit of s?
4
Suppose -g - 6 = -2*g. Let k be ((-40)/g)/(((-11)/12)/(-11)). Let l = -24 - k. What is the units digit of l?
6
Let x = 300 - 63. Suppose 0 = -b + 5, b = -2*u + x. What is the tens digit of u?
1
Let c(d) = -13*d**2 + d. Let x be -4 + (-6)/(-2) + 0. Let v be c(x). What is the tens digit of v/(-35) - (-916)/10?
9
Let b(m) = m**3 - 13*m**2 + 32*m - 31. Let u(o) = -o**2 - 7*o + 8. Let l be u(-6). What is the units digit of b(l)?
3